{"id":622,"date":"2017-11-01T12:11:31","date_gmt":"2017-11-01T10:11:31","guid":{"rendered":"http:\/\/www.karenlampi.com\/site2\/?page_id=622"},"modified":"2017-11-01T12:11:31","modified_gmt":"2017-11-01T10:11:31","slug":"opiskelijapalvelut","status":"publish","type":"page","link":"https:\/\/www.karenlampi.com\/site2\/opiskelijapalvelut\/","title":{"rendered":"Opiskelijapalvelut"},"content":{"rendered":"        <div data-options='{&quot;id&quot;:&quot;621&quot;,&quot;lazy_load&quot;:&quot;no&quot;,&quot;masonry_enable&quot;:&quot;no&quot;,&quot;view_type&quot;:&quot;grid&quot;}' id=\"post-grid-621\" class=\"post-grid grid\">\n                <div class=\"grid-items\">\n            <div class=\"item item-639 skin flip-x even 0 \">\n                <div class=\"layer-wrapper layout-\">\n                <div class=\"layer-media\"><a href=\"https:\/\/www.karenlampi.com\/site2\/kela-matkakortit-ja-erityisruokavaliot\/\"><img decoding=\"async\" src=\"http:\/\/www.karenlampi.com\/site2\/wp-content\/uploads\/2017\/11\/Kela-yms-1-300x211.png\" \/><\/a><\/div>\n    <div class=\"layer-content\">\n            <div class=\"element element_0  title \">\n                    <a target=\"\" href=\"https:\/\/www.karenlampi.com\/site2\/kela-matkakortit-ja-erityisruokavaliot\/\">Kela, matkakortit ja erityisruokavaliot<\/a>\n\n        \n\n    <\/div>\n            <a class=\"element element_2  read_more \" target=\"_blank\" href=\"https:\/\/www.karenlampi.com\/site2\/kela-matkakortit-ja-erityisruokavaliot\/\"><\/a>\n    \n    <\/div>\n        <\/div>\n    <\/div><div class=\"item item-634 skin flip-x odd 1 \">\n                <div class=\"layer-wrapper layout-\">\n                <div class=\"layer-media\"><a href=\"https:\/\/www.karenlampi.com\/site2\/erityisruokavaliot\/\"><img decoding=\"async\" src=\"http:\/\/www.karenlampi.com\/site2\/wp-content\/uploads\/2017\/11\/Erityisruokavaliot-300x211.png\" \/><\/a><\/div>\n    <div class=\"layer-content\">\n            <div class=\"element element_0  title \">\n                    <a target=\"\" href=\"https:\/\/www.karenlampi.com\/site2\/erityisruokavaliot\/\">Erityisruokavaliot<\/a>\n\n        \n\n    <\/div>\n            <a class=\"element element_2  read_more \" target=\"_blank\" href=\"https:\/\/www.karenlampi.com\/site2\/erityisruokavaliot\/\"><\/a>\n    \n    <\/div>\n        <\/div>\n    <\/div><div class=\"item item-631 skin flip-x even 2 \">\n                <div class=\"layer-wrapper layout-\">\n                <div class=\"layer-media\"><a href=\"https:\/\/www.karenlampi.com\/site2\/matkakortit\/\"><img decoding=\"async\" src=\"http:\/\/www.karenlampi.com\/site2\/wp-content\/uploads\/2017\/11\/Matkahuolto-300x211.png\" \/><\/a><\/div>\n    <div class=\"layer-content\">\n            <div class=\"element element_0  title \">\n                    <a target=\"\" href=\"https:\/\/www.karenlampi.com\/site2\/matkakortit\/\">Matkakortit<\/a>\n\n        \n\n    <\/div>\n            <a class=\"element element_2  read_more \" target=\"_blank\" href=\"https:\/\/www.karenlampi.com\/site2\/matkakortit\/\"><\/a>\n    \n    <\/div>\n        <\/div>\n    <\/div><div class=\"item item-608 skin flip-x odd 3 \">\n                <div class=\"layer-wrapper layout-\">\n                <div class=\"layer-media\"><a href=\"https:\/\/www.karenlampi.com\/site2\/lomakkeet\/\"><img decoding=\"async\" src=\"http:\/\/www.karenlampi.com\/site2\/wp-content\/uploads\/2017\/11\/Lomakkeet-300x211.png\" \/><\/a><\/div>\n    <div class=\"layer-content\">\n            <div class=\"element element_0  title \">\n                    <a target=\"\" href=\"https:\/\/www.karenlampi.com\/site2\/lomakkeet\/\">Lomakkeet<\/a>\n\n        \n\n    <\/div>\n            <a class=\"element element_2  read_more \" target=\"_blank\" href=\"https:\/\/www.karenlampi.com\/site2\/lomakkeet\/\"><\/a>\n    \n    <\/div>\n        <\/div>\n    <\/div><div class=\"item item-617 skin flip-x even 4 \">\n                <div class=\"layer-wrapper layout-\">\n                <div class=\"layer-media\"><a href=\"https:\/\/www.karenlampi.com\/site2\/yhteystiedot\/\"><img decoding=\"async\" src=\"http:\/\/www.karenlampi.com\/site2\/wp-content\/uploads\/2017\/11\/Yhteystiedot-300x211.png\" \/><\/a><\/div>\n    <div class=\"layer-content\">\n            <div class=\"element element_0  title \">\n                    <a target=\"\" href=\"https:\/\/www.karenlampi.com\/site2\/yhteystiedot\/\">Yhteystiedot<\/a>\n\n        \n\n    <\/div>\n            <a class=\"element element_2  read_more \" target=\"_blank\" href=\"https:\/\/www.karenlampi.com\/site2\/yhteystiedot\/\"><\/a>\n    \n    <\/div>\n        <\/div>\n    <\/div><div class=\"item item-615 skin flip-x odd 5 \">\n                <div class=\"layer-wrapper layout-\">\n                <div class=\"layer-media\"><a href=\"https:\/\/www.karenlampi.com\/site2\/wilma\/\"><img decoding=\"async\" src=\"http:\/\/www.karenlampi.com\/site2\/wp-content\/uploads\/2017\/11\/Wilma-300x211.png\" \/><\/a><\/div>\n    <div class=\"layer-content\">\n            <div class=\"element element_0  title \">\n                    <a target=\"\" href=\"https:\/\/www.karenlampi.com\/site2\/wilma\/\">Wilma<\/a>\n\n        \n\n    <\/div>\n            <a class=\"element element_2  read_more \" target=\"_blank\" href=\"https:\/\/www.karenlampi.com\/site2\/wilma\/\"><\/a>\n    \n    <\/div>\n        <\/div>\n    <\/div><div class=\"item item-613 skin flip-x even 6 \">\n                <div class=\"layer-wrapper layout-\">\n                <div class=\"layer-media\"><a href=\"https:\/\/www.karenlampi.com\/site2\/terveydenhuolto\/\"><img decoding=\"async\" src=\"http:\/\/www.karenlampi.com\/site2\/wp-content\/uploads\/2017\/11\/Terveys-300x211.png\" \/><\/a><\/div>\n    <div class=\"layer-content\">\n            <div class=\"element element_0  title \">\n                    <a target=\"\" href=\"https:\/\/www.karenlampi.com\/site2\/terveydenhuolto\/\">Terveydenhuolto<\/a>\n\n        \n\n    <\/div>\n            <a class=\"element element_2  read_more \" target=\"_blank\" href=\"https:\/\/www.karenlampi.com\/site2\/terveydenhuolto\/\"><\/a>\n    \n    <\/div>\n        <\/div>\n    <\/div><div class=\"item item-611 skin flip-x odd 7 \">\n                <div class=\"layer-wrapper layout-\">\n                <div class=\"layer-media\"><a href=\"https:\/\/www.karenlampi.com\/site2\/oppimisalustat\/\"><img decoding=\"async\" src=\"http:\/\/www.karenlampi.com\/site2\/wp-content\/uploads\/2017\/11\/Oppimisalustat-300x211.png\" \/><\/a><\/div>\n    <div class=\"layer-content\">\n            <div class=\"element element_0  title \">\n                    <a target=\"\" href=\"https:\/\/www.karenlampi.com\/site2\/oppimisalustat\/\">Oppimisalustat<\/a>\n\n        \n\n    <\/div>\n            <a class=\"element element_2  read_more \" target=\"_blank\" href=\"https:\/\/www.karenlampi.com\/site2\/oppimisalustat\/\"><\/a>\n    \n    <\/div>\n        <\/div>\n    <\/div><div class=\"item item-609 skin flip-x even 8 \">\n                <div class=\"layer-wrapper layout-\">\n                <div class=\"layer-media\"><a href=\"https:\/\/www.karenlampi.com\/site2\/lukujarjestykset\/\"><img decoding=\"async\" src=\"http:\/\/www.karenlampi.com\/site2\/wp-content\/uploads\/2017\/11\/Lukujarjestys-300x211.png\" \/><\/a><\/div>\n    <div class=\"layer-content\">\n            <div class=\"element element_0  title \">\n                    <a target=\"\" href=\"https:\/\/www.karenlampi.com\/site2\/lukujarjestykset\/\">Lukuj\u00e4rjestykset<\/a>\n\n        \n\n    <\/div>\n            <a class=\"element element_2  read_more \" target=\"_blank\" href=\"https:\/\/www.karenlampi.com\/site2\/lukujarjestykset\/\"><\/a>\n    \n    <\/div>\n        <\/div>\n    <\/div><div class=\"item item-606 skin flip-x odd 9 \">\n                <div class=\"layer-wrapper layout-\">\n                <div class=\"layer-media\"><a href=\"https:\/\/www.karenlampi.com\/site2\/kurssit\/\"><img decoding=\"async\" src=\"http:\/\/www.karenlampi.com\/site2\/wp-content\/uploads\/2017\/11\/Kurssit-300x211.png\" \/><\/a><\/div>\n    <div class=\"layer-content\">\n            <div class=\"element element_0  title \">\n                    <a target=\"\" href=\"https:\/\/www.karenlampi.com\/site2\/kurssit\/\">Kurssit<\/a>\n\n        \n\n    <\/div>\n            <a class=\"element element_2  read_more \" target=\"_blank\" href=\"https:\/\/www.karenlampi.com\/site2\/kurssit\/\"><\/a>\n    \n    <\/div>\n        <\/div>\n    <\/div><div class=\"item item-604 skin flip-x even 10 \">\n                <div class=\"layer-wrapper layout-\">\n                <div class=\"layer-media\"><a href=\"https:\/\/www.karenlampi.com\/site2\/kela\/\"><img decoding=\"async\" src=\"http:\/\/www.karenlampi.com\/site2\/wp-content\/uploads\/2017\/11\/Kela-300x211.png\" \/><\/a><\/div>\n    <div class=\"layer-content\">\n            <div class=\"element element_0  title \">\n                    <a target=\"\" href=\"https:\/\/www.karenlampi.com\/site2\/kela\/\">Kela<\/a>\n\n        \n\n    <\/div>\n            <a class=\"element element_2  read_more \" target=\"_blank\" href=\"https:\/\/www.karenlampi.com\/site2\/kela\/\"><\/a>\n    \n    <\/div>\n        <\/div>\n    <\/div><div class=\"item item-602 skin flip-x odd 11 \">\n                <div class=\"layer-wrapper layout-\">\n                <div class=\"layer-media\"><a href=\"https:\/\/www.karenlampi.com\/site2\/avoin-yliopisto\/\"><img decoding=\"async\" src=\"http:\/\/www.karenlampi.com\/site2\/wp-content\/uploads\/2017\/11\/Avoinyliopisto-300x211.png\" \/><\/a><\/div>\n    <div class=\"layer-content\">\n            <div class=\"element element_0  title \">\n                    <a target=\"\" href=\"https:\/\/www.karenlampi.com\/site2\/avoin-yliopisto\/\">Avoin Yliopisto<\/a>\n\n        \n\n    <\/div>\n            <a class=\"element element_2  read_more \" target=\"_blank\" href=\"https:\/\/www.karenlampi.com\/site2\/avoin-yliopisto\/\"><\/a>\n    \n    <\/div>\n        <\/div>\n    <\/div>        <\/div>\n        <div class=\"pagination\">\n            <div class=\"paginate\">\n        <span aria-current=\"page\" class=\"page-numbers current\">1<\/span>\n<a class=\"page-numbers\" href=\"https:\/\/www.karenlampi.com\/site2\/wp-json\/wp\/v2\/pages\/622\/page\/2\/\">2<\/a>\n<a class=\"page-numbers\" href=\"https:\/\/www.karenlampi.com\/site2\/wp-json\/wp\/v2\/pages\/622\/page\/3\/\">3<\/a>\n<a class=\"next page-numbers\" href=\"https:\/\/www.karenlampi.com\/site2\/wp-json\/wp\/v2\/pages\/622\/page\/2\/\">Next \u00bb<\/a>    <\/div>\n    <style type=\"text\/css\">\n        #post-grid-621 .pagination .page-numbers {\n            font-size: 17px;\n            color: #646464;\n            background: #646464;\n        }\n\n        #post-grid-621 .pagination .page-numbers:hover,\n        #post-grid-621 .pagination .page-numbers.current {\n            background: #4b4b4b;\n        }\n    <\/style>\n    <\/div>\n\n\n            <style type=\"text\/css\">\n            \/*Write your CSS code here*\/        <\/style>\n    \n\n        <script>\n                    \/*Write your js code here*\/                    <\/script>\n        <style type=\"text\/css\">\n        #post-grid-621 .element_0 {\n            display: block;font-size: 21px;line-height: normal;padding: 5px 10px;text-align: left;        }\n\n        #post-grid-621 .element_2 {\n            font-size:12px;display:block;padding:10px;        }\n\n        #post-grid-621 .element_0:hover{}#post-grid-621 .element_2:hover{}    <\/style>\n    <style type=\"text\/css\">\n        #post-grid-621 {\n            padding: 10px;\n            background-color: #fff;\n            background-image: url(http:\/\/www.karenlampi.com\/site2\/wp-content\/plugins\/post-grid\/assets\/admin\/bg\/dimension.png);\n                    }\n\n        #post-grid-621 .item {\n            background: #fff;\n                    }\n\n        #post-grid-621 .item .layer-media {\n            height:auto;        }\n\n        @media only screen and (min-width: 0px) and (max-width: 767px) {\n            #post-grid-621 .grid-items {\n                text-align: center;\n                            }\n\n            #post-grid-621 .item {\n                width: 90%;\n                margin: 10px;\n                display: inline-block;\n                vertical-align: top;\n                height:auto;            }\n        }\n\n        @media only screen and (min-width: 768px) and (max-width: 1023px) {\n            #post-grid-621 .grid-items {\n                text-align: center;\n                            }\n\n            #post-grid-621 .item {\n                width: 240px;\n                margin: 10px;\n                display: inline-block;\n                vertical-align: top;\n                max-height:auto;            }\n        }\n\n        @media only screen and (min-width: 1024px) {\n            #post-grid-621 .grid-items {\n                text-align: center;\n                            }\n\n            #post-grid-621 .item {\n                width: 240px;\n                display: inline-block;\n                margin: 10px;\n                vertical-align: top;\n                height:auto;            }\n        }\n\n            <\/style>\n    <\/div>\n\n","protected":false},"excerpt":{"rendered":"Avoimien yliopistojen yhteystiedot l\u00f6ytyy t\u00e4\u00e4lt\u00e4. \u00a0 Helsingin yliopisto \u00a0 Turun yliopisto \u00a0 Jyv\u00e4skyl\u00e4n yliopisto \u00a0 Joensuun yliopisto &nbsp;","protected":false},"author":1,"featured_media":0,"parent":0,"menu_order":0,"comment_status":"closed","ping_status":"closed","template":"","meta":{"pgc_meta":"","jetpack_post_was_ever_published":false,"footnotes":""},"pgc_meta":"","jetpack_sharing_enabled":true,"jetpack_shortlink":"https:\/\/wp.me\/P9hRq7-a2","_links":{"self":[{"href":"https:\/\/www.karenlampi.com\/site2\/wp-json\/wp\/v2\/pages\/622"}],"collection":[{"href":"https:\/\/www.karenlampi.com\/site2\/wp-json\/wp\/v2\/pages"}],"about":[{"href":"https:\/\/www.karenlampi.com\/site2\/wp-json\/wp\/v2\/types\/page"}],"author":[{"embeddable":true,"href":"https:\/\/www.karenlampi.com\/site2\/wp-json\/wp\/v2\/users\/1"}],"replies":[{"embeddable":true,"href":"https:\/\/www.karenlampi.com\/site2\/wp-json\/wp\/v2\/comments?post=622"}],"version-history":[{"count":1,"href":"https:\/\/www.karenlampi.com\/site2\/wp-json\/wp\/v2\/pages\/622\/revisions"}],"predecessor-version":[{"id":623,"href":"https:\/\/www.karenlampi.com\/site2\/wp-json\/wp\/v2\/pages\/622\/revisions\/623"}],"wp:attachment":[{"href":"https:\/\/www.karenlampi.com\/site2\/wp-json\/wp\/v2\/media?parent=622"}],"curies":[{"name":"wp","href":"https:\/\/api.w.org\/{rel}","templated":true}]}}